{"id":3931,"date":"2026-05-06T02:05:34","date_gmt":"2026-05-06T02:05:34","guid":{"rendered":"https:\/\/www.cmsoledadedeminas.mg.gov.br\/v1\/?page_id=3931"},"modified":"2026-05-06T02:06:39","modified_gmt":"2026-05-06T02:06:39","slug":"decretos-legislativos","status":"publish","type":"page","link":"https:\/\/www.cmsoledadedeminas.mg.gov.br\/v1\/documentos\/decretos-legislativos\/","title":{"rendered":"Decretos Legislativos"},"content":{"rendered":"\t\t<div data-elementor-type=\"wp-page\" data-elementor-id=\"3931\" class=\"elementor elementor-3931\" data-elementor-post-type=\"page\">\n\t\t\t\t\t\t<section class=\"has-el-gap el-gap-default elementor-section elementor-top-section elementor-element elementor-element-285d7b8a elementor-section-boxed elementor-section-height-default elementor-section-height-default\" data-id=\"285d7b8a\" data-element_type=\"section\" data-e-type=\"section\">\n\t\t\t\t\t\t<div class=\"elementor-container elementor-column-gap-no\">\n\t\t\t\t\t<div class=\"elementor-column elementor-col-100 elementor-top-column elementor-element elementor-element-4ef2e10b\" data-id=\"4ef2e10b\" data-element_type=\"column\" data-e-type=\"column\">\n\t\t\t<div class=\"elementor-widget-wrap elementor-element-populated\">\n\t\t\t\t\t\t<div class=\"elementor-element elementor-element-1df8b6f2 elementor-widget elementor-widget-smartmag-breadcrumbs\" data-id=\"1df8b6f2\" data-element_type=\"widget\" data-e-type=\"widget\" data-widget_type=\"smartmag-breadcrumbs.default\">\n\t\t\t\t<div class=\"elementor-widget-container\">\n\t\t\t\t\t<nav class=\"breadcrumbs ts-contain breadcrumbs-a\" id=\"breadcrumb\"><div class=\"inner ts-contain \"><span class=\"current\">Home<\/span><\/div><\/nav>\t\t\t\t<\/div>\n\t\t\t\t<\/div>\n\t\t\t\t\t<\/div>\n\t\t<\/div>\n\t\t\t\t\t<\/div>\n\t\t<\/section>\n\t\t\t\t<section class=\"has-el-gap el-gap-default elementor-section elementor-top-section elementor-element elementor-element-1e5c783 elementor-section-boxed elementor-section-height-default elementor-section-height-default\" data-id=\"1e5c783\" data-element_type=\"section\" data-e-type=\"section\">\n\t\t\t\t\t\t<div class=\"elementor-container elementor-column-gap-no\">\n\t\t\t\t\t<div class=\"elementor-column elementor-col-100 elementor-top-column elementor-element elementor-element-606d227\" data-id=\"606d227\" data-element_type=\"column\" data-e-type=\"column\">\n\t\t\t<div class=\"elementor-widget-wrap elementor-element-populated\">\n\t\t\t\t\t\t<div class=\"elementor-element elementor-element-7ae8dc0c elementor-widget elementor-widget-heading\" data-id=\"7ae8dc0c\" data-element_type=\"widget\" data-e-type=\"widget\" data-widget_type=\"heading.default\">\n\t\t\t\t\t<h2 class=\"elementor-heading-title elementor-size-default\">Decretos Legislativos<\/h2>\t\t\t\t<\/div>\n\t\t\t\t\t<\/div>\n\t\t<\/div>\n\t\t\t\t\t<\/div>\n\t\t<\/section>\n\t\t\t\t<section class=\"has-el-gap el-gap-default elementor-section elementor-top-section elementor-element elementor-element-67ca34f2 elementor-section-boxed elementor-section-height-default elementor-section-height-default\" data-id=\"67ca34f2\" data-element_type=\"section\" data-e-type=\"section\">\n\t\t\t\t\t\t<div class=\"elementor-container elementor-column-gap-no\">\n\t\t\t\t\t<div class=\"elementor-column elementor-col-100 elementor-top-column elementor-element elementor-element-76f95ed\" data-id=\"76f95ed\" data-element_type=\"column\" data-e-type=\"column\">\n\t\t\t<div class=\"elementor-widget-wrap elementor-element-populated\">\n\t\t\t\t\t\t<div class=\"elementor-element elementor-element-5b5d4755 elementor-widget elementor-widget-spacer\" data-id=\"5b5d4755\" data-element_type=\"widget\" data-e-type=\"widget\" data-widget_type=\"spacer.default\">\n\t\t\t\t\t\t\t<div class=\"elementor-spacer\">\n\t\t\t<div class=\"elementor-spacer-inner\"><\/div>\n\t\t<\/div>\n\t\t\t\t\t\t<\/div>\n\t\t\t\t\t<\/div>\n\t\t<\/div>\n\t\t\t\t\t<\/div>\n\t\t<\/section>\n\t\t\t\t<section class=\"has-el-gap el-gap-default elementor-section elementor-top-section elementor-element elementor-element-7cf73eae elementor-section-boxed elementor-section-height-default elementor-section-height-default\" data-id=\"7cf73eae\" data-element_type=\"section\" data-e-type=\"section\">\n\t\t\t\t\t\t<div class=\"elementor-container elementor-column-gap-no\">\n\t\t\t\t\t<div class=\"elementor-column elementor-col-100 elementor-top-column elementor-element elementor-element-4dc1c9f8\" data-id=\"4dc1c9f8\" data-element_type=\"column\" data-e-type=\"column\">\n\t\t\t<div class=\"elementor-widget-wrap elementor-element-populated\">\n\t\t\t\t\t\t<div class=\"elementor-element elementor-element-317b354d elementor-widget elementor-widget-html\" data-id=\"317b354d\" data-element_type=\"widget\" data-e-type=\"widget\" data-widget_type=\"html.default\">\n\t\t\t\t\t\n<table id=\"tablepress-81\" class=\"tablepress tablepress-id-81\">\n<thead>\n<tr class=\"row-1\">\n\t<th class=\"column-1\">Publica\u00e7\u00e3o<\/th><th class=\"column-2\">Descri\u00e7\u00e3o<\/th><th class=\"column-3\">Download<\/th>\n<\/tr>\n<\/thead>\n<tbody class=\"row-striping row-hover\">\n<tr class=\"row-2\">\n\t<td class=\"column-1\">12\/12\/2025<\/td><td class=\"column-2\"><strong>Decreto Legislativo 12\/2025<\/strong><br \/>\nHOMENAGEIA OS SERVIDORES DO MUNIC\u00cdPIO DE SOLEDADE DE MINAS-MG, RESPONS\u00c1VEIS POR CRIAREM E MANTEREM O NATAL DE LUZ.<br \/>\n<\/td><td class=\"column-3\"><a href=\"https:\/\/www.cmsoledadedeminas.mg.gov.br\/v1\/wp-content\/uploads\/2026\/05\/Decreto-Legislativo-12-de-2025.pdf\" target=\"_blank\">Download<\/a><\/td>\n<\/tr>\n<tr class=\"row-3\">\n\t<td class=\"column-1\">02\/12\/2025<\/td><td class=\"column-2\"><strong>Decreto Legislativo 11\/2025<\/strong><br \/>\nDisp\u00f5e sobre a aprova\u00e7\u00e3o das Contas da Prefeitura Municipal de Soledade de Minas, referentes ao exerc\u00edcio de 2020.<\/td><td class=\"column-3\"><a href=\"https:\/\/www.cmsoledadedeminas.mg.gov.br\/v1\/wp-content\/uploads\/2026\/05\/Decreto-Legislativo-11-de-2025.pdf\" target=\"_blank\">Download<\/a><\/td>\n<\/tr>\n<tr class=\"row-4\">\n\t<td class=\"column-1\">18\/11\/2025<\/td><td class=\"column-2\"><strong>Decreto Legislativo 10\/2025<\/strong><br \/>\nCONCEDE O DIPLOMA DE M\u00c9RITO LEGISLATIVO \u00c0 SRA. NIRCE AMARAL.<\/td><td class=\"column-3\"><a href=\"https:\/\/www.cmsoledadedeminas.mg.gov.br\/v1\/wp-content\/uploads\/2026\/05\/Decreto-Legislativo-10-de-2025.pdf\" target=\"_blank\">Download<\/a><\/td>\n<\/tr>\n<tr class=\"row-5\">\n\t<td class=\"column-1\">18\/11\/2025<\/td><td class=\"column-2\"><strong>Decreto Legislativo 09\/2025<\/strong><br \/>\nCONCEDE O T\u00cdTULO DE CIDAD\u00c3O HONOR\u00c1RIO SOLEDADENSE \u00c0 SRA. SABRINA ALESSANDRA DE<br \/>\nOLIVEIRA CORREA.<\/td><td class=\"column-3\"><a href=\"https:\/\/www.cmsoledadedeminas.mg.gov.br\/v1\/wp-content\/uploads\/2026\/05\/Decreto-Legislativo-09-de-2025.pdf\" target=\"_blank\">Download<\/a><\/td>\n<\/tr>\n<tr class=\"row-6\">\n\t<td class=\"column-1\">18\/11\/2025<\/td><td class=\"column-2\"><strong>Decreto Legislativo 08\/2025<\/strong><br \/>\nCONCEDE O DIPLOMA DE M\u00c9RITO LEGISLATIVO AO SRA. JOS\u00c9 H\u00c9LIO ALVARENGA.<br \/>\n<\/td><td class=\"column-3\"><a href=\"https:\/\/www.cmsoledadedeminas.mg.gov.br\/v1\/wp-content\/uploads\/2026\/05\/Decreto-Legislativo-08-de-2025.pdf\" target=\"_blank\">Download<\/a><\/td>\n<\/tr>\n<tr class=\"row-7\">\n\t<td class=\"column-1\">18\/11\/2025<\/td><td class=\"column-2\"><strong>Decreto Legislativo 07\/2025<\/strong><br \/>\nCONCEDE O T\u00cdTULO DE CIDAD\u00c3O HONOR\u00c1RIO SOLEDADENSE AO SR. FERNANDO AFONSO DE OLIVEIRA.<br \/>\n<\/td><td class=\"column-3\"><a href=\"https:\/\/www.cmsoledadedeminas.mg.gov.br\/v1\/wp-content\/uploads\/2026\/05\/Decreto-Legislativo-07-de-2025.pdf\" target=\"_blank\">Download<\/a><\/td>\n<\/tr>\n<tr class=\"row-8\">\n\t<td class=\"column-1\">18\/11\/2025<\/td><td class=\"column-2\"><strong>Decreto Legislativo 06\/2025<\/strong><br \/>\nCONCEDE O T\u00cdTULO DE CIDAD\u00c3O HONOR\u00c1RIO SOLEDADENSE AO SR. PAULINO MACIEL BACELAR.<\/td><td class=\"column-3\"><a href=\"https:\/\/www.cmsoledadedeminas.mg.gov.br\/v1\/wp-content\/uploads\/2026\/05\/Decreto-Legislativo-06-de-2025.pdf\" target=\"_blank\">Download<\/a><\/td>\n<\/tr>\n<tr class=\"row-9\">\n\t<td class=\"column-1\">18\/11\/2025<\/td><td class=\"column-2\"><strong>Decreto Legislativo 05\/2025<\/strong><br \/>\nCONCEDE O DIPLOMA DE M\u00c9RITO LEGISLATIVO \u00c0 SRA. ADRIANA MATIAS LEMOS DE CARVALH\u041e.<\/td><td class=\"column-3\"><a href=\"https:\/\/www.cmsoledadedeminas.mg.gov.br\/v1\/wp-content\/uploads\/2026\/05\/Decreto-Legislativo-05-de-2025.pdf\" target=\"_blank\">Download<\/a><\/td>\n<\/tr>\n<tr class=\"row-10\">\n\t<td class=\"column-1\">18\/11\/2025<\/td><td class=\"column-2\"><strong>Decreto Legislativo 04\/2025<\/strong><br \/>\nCONCEDE O DIPLOMA DE M\u00c9RITO LEGISLATIVO \u00c0 SRA. NILCE PINTO PAULINO.<\/td><td class=\"column-3\"><a href=\"https:\/\/www.cmsoledadedeminas.mg.gov.br\/v1\/wp-content\/uploads\/2026\/05\/Decreto-Legislativo-04-de-2025.pdf\" target=\"_blank\">Download<\/a><\/td>\n<\/tr>\n<tr class=\"row-11\">\n\t<td class=\"column-1\">18\/11\/2025<\/td><td class=\"column-2\"><strong>Decreto Legislativo 03\/2025<\/strong><br \/>\nCONCEDE O T\u00cdTULO DE CIDAD\u00c3O HONOR\u00c1RIO SOLEDADENSE AO SR. CARLOS ROBERTO MURY<br \/>\nDE PAULA.<\/td><td class=\"column-3\"><a href=\"https:\/\/www.cmsoledadedeminas.mg.gov.br\/v1\/wp-content\/uploads\/2026\/05\/Decreto-Legislativo-03-de-2025.pdf\" target=\"_blank\">Download<\/a><\/td>\n<\/tr>\n<tr class=\"row-12\">\n\t<td class=\"column-1\">19\/08\/2025<\/td><td class=\"column-2\"><strong>Decreto Legislativo 02\/2025<\/strong><br \/>\nDisp\u00f5e sobre a aprova\u00e7\u00e3o das Contas da Prefeitura Municipal de Soledade de Minas, referentes ao exerc\u00edcio de 2021.<\/td><td class=\"column-3\"><a href=\"https:\/\/www.cmsoledadedeminas.mg.gov.br\/v1\/wp-content\/uploads\/2026\/05\/Decreto-Legislativo-02-de-2025.pdf\" target=\"_blank\">Download<\/a><\/td>\n<\/tr>\n<tr class=\"row-13\">\n\t<td class=\"column-1\">19\/08\/2025<\/td><td class=\"column-2\"><strong>Decreto Legislativo 01\/2025<\/strong><br \/>\nDisp\u00f5e sobre a aprova\u00e7\u00e3o das Contas da Prefeitura Municipal de Soledade de Minas, referentes ao exerc\u00edcio de 2023.<\/td><td class=\"column-3\"><a href=\"https:\/\/www.cmsoledadedeminas.mg.gov.br\/v1\/wp-content\/uploads\/2026\/05\/Decreto-Legislativo-01-de-2025.pdf\" target=\"_blank\">Download<\/a><\/td>\n<\/tr>\n<\/tbody>\n<\/table>\n<!-- #tablepress-81 from cache -->\t\t\t\t<\/div>\n\t\t\t\t\t<\/div>\n\t\t<\/div>\n\t\t\t\t\t<\/div>\n\t\t<\/section>\n\t\t\t\t<\/div>\n\t\t","protected":false},"excerpt":{"rendered":"<p>Home Decretos Legislativos<\/p>\n","protected":false},"author":1,"featured_media":0,"parent":1480,"menu_order":0,"comment_status":"closed","ping_status":"closed","template":"page-templates\/no-wrapper.php","meta":{"footnotes":""},"class_list":["post-3931","page","type-page","status-publish"],"_links":{"self":[{"href":"https:\/\/www.cmsoledadedeminas.mg.gov.br\/v1\/wp-json\/wp\/v2\/pages\/3931","targetHints":{"allow":["GET"]}}],"collection":[{"href":"https:\/\/www.cmsoledadedeminas.mg.gov.br\/v1\/wp-json\/wp\/v2\/pages"}],"about":[{"href":"https:\/\/www.cmsoledadedeminas.mg.gov.br\/v1\/wp-json\/wp\/v2\/types\/page"}],"author":[{"embeddable":true,"href":"https:\/\/www.cmsoledadedeminas.mg.gov.br\/v1\/wp-json\/wp\/v2\/users\/1"}],"replies":[{"embeddable":true,"href":"https:\/\/www.cmsoledadedeminas.mg.gov.br\/v1\/wp-json\/wp\/v2\/comments?post=3931"}],"version-history":[{"count":4,"href":"https:\/\/www.cmsoledadedeminas.mg.gov.br\/v1\/wp-json\/wp\/v2\/pages\/3931\/revisions"}],"predecessor-version":[{"id":3935,"href":"https:\/\/www.cmsoledadedeminas.mg.gov.br\/v1\/wp-json\/wp\/v2\/pages\/3931\/revisions\/3935"}],"up":[{"embeddable":true,"href":"https:\/\/www.cmsoledadedeminas.mg.gov.br\/v1\/wp-json\/wp\/v2\/pages\/1480"}],"wp:attachment":[{"href":"https:\/\/www.cmsoledadedeminas.mg.gov.br\/v1\/wp-json\/wp\/v2\/media?parent=3931"}],"curies":[{"name":"wp","href":"https:\/\/api.w.org\/{rel}","templated":true}]}}