{"id":2903,"date":"2026-03-18T19:15:41","date_gmt":"2026-03-18T19:15:41","guid":{"rendered":"https:\/\/www.cmsoledadedeminas.mg.gov.br\/v1\/?page_id=2903"},"modified":"2026-03-18T19:16:57","modified_gmt":"2026-03-18T19:16:57","slug":"leis-sancionadas-2018","status":"publish","type":"page","link":"https:\/\/www.cmsoledadedeminas.mg.gov.br\/v1\/documentos\/leis\/leis-sancionadas\/leis-sancionadas-2018\/","title":{"rendered":"Leis Sancionadas &#8211; 2018"},"content":{"rendered":"\t\t<div data-elementor-type=\"wp-page\" data-elementor-id=\"2903\" class=\"elementor elementor-2903\" data-elementor-post-type=\"page\">\n\t\t\t\t\t\t<section class=\"has-el-gap el-gap-default elementor-section elementor-top-section elementor-element elementor-element-62d5b414 elementor-section-boxed elementor-section-height-default elementor-section-height-default\" data-id=\"62d5b414\" data-element_type=\"section\" data-e-type=\"section\">\n\t\t\t\t\t\t<div class=\"elementor-container elementor-column-gap-no\">\n\t\t\t\t\t<div class=\"elementor-column elementor-col-100 elementor-top-column elementor-element elementor-element-1a96d56e\" data-id=\"1a96d56e\" data-element_type=\"column\" data-e-type=\"column\">\n\t\t\t<div class=\"elementor-widget-wrap elementor-element-populated\">\n\t\t\t\t\t\t<div class=\"elementor-element elementor-element-299640f0 elementor-widget elementor-widget-smartmag-breadcrumbs\" data-id=\"299640f0\" data-element_type=\"widget\" data-e-type=\"widget\" data-widget_type=\"smartmag-breadcrumbs.default\">\n\t\t\t\t<div class=\"elementor-widget-container\">\n\t\t\t\t\t<nav class=\"breadcrumbs ts-contain breadcrumbs-a\" id=\"breadcrumb\"><div class=\"inner ts-contain \"><span class=\"current\">Home<\/span><\/div><\/nav>\t\t\t\t<\/div>\n\t\t\t\t<\/div>\n\t\t\t\t\t<\/div>\n\t\t<\/div>\n\t\t\t\t\t<\/div>\n\t\t<\/section>\n\t\t\t\t<section class=\"has-el-gap el-gap-default elementor-section elementor-top-section elementor-element elementor-element-289d163f elementor-section-boxed elementor-section-height-default elementor-section-height-default\" data-id=\"289d163f\" data-element_type=\"section\" data-e-type=\"section\">\n\t\t\t\t\t\t<div class=\"elementor-container elementor-column-gap-no\">\n\t\t\t\t\t<div class=\"elementor-column elementor-col-100 elementor-top-column elementor-element elementor-element-1f321a20\" data-id=\"1f321a20\" data-element_type=\"column\" data-e-type=\"column\">\n\t\t\t<div class=\"elementor-widget-wrap elementor-element-populated\">\n\t\t\t\t\t\t<div class=\"elementor-element elementor-element-5ae40b93 elementor-widget elementor-widget-heading\" data-id=\"5ae40b93\" data-element_type=\"widget\" data-e-type=\"widget\" data-widget_type=\"heading.default\">\n\t\t\t\t\t<h2 class=\"elementor-heading-title elementor-size-default\">Leis Sancionadas - 2018<\/h2>\t\t\t\t<\/div>\n\t\t\t\t\t<\/div>\n\t\t<\/div>\n\t\t\t\t\t<\/div>\n\t\t<\/section>\n\t\t\t\t<section class=\"has-el-gap el-gap-default elementor-section elementor-top-section elementor-element elementor-element-2337c9f3 elementor-section-boxed elementor-section-height-default elementor-section-height-default\" data-id=\"2337c9f3\" data-element_type=\"section\" data-e-type=\"section\">\n\t\t\t\t\t\t<div class=\"elementor-container elementor-column-gap-no\">\n\t\t\t\t\t<div class=\"elementor-column elementor-col-100 elementor-top-column elementor-element elementor-element-68c4ede4\" data-id=\"68c4ede4\" data-element_type=\"column\" data-e-type=\"column\">\n\t\t\t<div class=\"elementor-widget-wrap elementor-element-populated\">\n\t\t\t\t\t\t<div class=\"elementor-element elementor-element-6278b527 elementor-widget elementor-widget-spacer\" data-id=\"6278b527\" data-element_type=\"widget\" data-e-type=\"widget\" data-widget_type=\"spacer.default\">\n\t\t\t\t\t\t\t<div class=\"elementor-spacer\">\n\t\t\t<div class=\"elementor-spacer-inner\"><\/div>\n\t\t<\/div>\n\t\t\t\t\t\t<\/div>\n\t\t\t\t\t<\/div>\n\t\t<\/div>\n\t\t\t\t\t<\/div>\n\t\t<\/section>\n\t\t\t\t<section class=\"has-el-gap el-gap-default elementor-section elementor-top-section elementor-element elementor-element-28ebb708 elementor-section-boxed elementor-section-height-default elementor-section-height-default\" data-id=\"28ebb708\" data-element_type=\"section\" data-e-type=\"section\">\n\t\t\t\t\t\t<div class=\"elementor-container elementor-column-gap-no\">\n\t\t\t\t\t<div class=\"elementor-column elementor-col-100 elementor-top-column elementor-element elementor-element-46353b45\" data-id=\"46353b45\" data-element_type=\"column\" data-e-type=\"column\">\n\t\t\t<div class=\"elementor-widget-wrap elementor-element-populated\">\n\t\t\t\t\t\t<div class=\"elementor-element elementor-element-4b4ccd4e elementor-widget elementor-widget-html\" data-id=\"4b4ccd4e\" data-element_type=\"widget\" data-e-type=\"widget\" data-widget_type=\"html.default\">\n\t\t\t\t\t\n<table id=\"tablepress-37\" class=\"tablepress tablepress-id-37\">\n<thead>\n<tr class=\"row-1\">\n\t<th class=\"column-1\">Publica\u00e7\u00e3o<\/th><th class=\"column-2\">Tipo<\/th><th class=\"column-3\">Descri\u00e7\u00e3o<\/th><th class=\"column-4\">Download<\/th>\n<\/tr>\n<\/thead>\n<tbody class=\"row-striping row-hover\">\n<tr class=\"row-2\">\n\t<td class=\"column-1\">19\/12\/2018<\/td><td class=\"column-2\">ORDIN\u00c1RIA<\/td><td class=\"column-3\"><strong>LEI ORDIN\u00c1RIA N\u00b0 1010\/18<\/strong><br \/>\n\"Disp\u00f5e sobre a altera\u00e7\u00e3o do Anexo \u00danico da Lei Municipal n\u00b0 1.005\/2018, que \"Disp\u00f5e sobre as viagens oficiais e a concess\u00e3o de di\u00e1rias aos Agentes Pol\u00edticos \u0435 Servidores do Poder Executivo Municipal e d\u00e1 outras provid\u00eancias\" e d\u00e1 outras provid\u00eancias\".<\/td><td class=\"column-4\"><a href=\"https:\/\/www.cmsoledadedeminas.mg.gov.br\/v1\/wp-content\/uploads\/2026\/03\/Lei-Ordinaria-1010.2018.pdf\" target=\"_blank\">Download<\/a><\/td>\n<\/tr>\n<tr class=\"row-3\">\n\t<td class=\"column-1\">19\/12\/2018<\/td><td class=\"column-2\">ORDIN\u00c1RIA<\/td><td class=\"column-3\"><strong>LEI ORDIN\u00c1RIA N\u00b0 1009\/18<\/strong><br \/>\n\"Disp\u00f5e sobre o aumento do limite para a abertura de cr\u00e9ditos suplementares durante a execu\u00e7\u00e3o do Or\u00e7amento Municipal no Exerc\u00edcio de 2018 e altera a reda\u00e7\u00e3o do art. 4\u00b0, da Lei Municipal n.\u00b0 993 de 20 de dezembro de 2017,<br \/>\nque \"Or\u00e7a a Receita e Fixa a Despesa do Munic\u00edpio de Soledade de Minas para o Exerc\u00edcio de 2018\u201d e d\u00e1 outras providenciais\"<br \/>\n<\/td><td class=\"column-4\"><a href=\"https:\/\/www.cmsoledadedeminas.mg.gov.br\/v1\/wp-content\/uploads\/2026\/03\/Lei-Ordinaria-1009.2018.pdf\" target=\"_blank\">Download<\/a><\/td>\n<\/tr>\n<tr class=\"row-4\">\n\t<td class=\"column-1\">10\/12\/2018<\/td><td class=\"column-2\">ORDIN\u00c1RIA<\/td><td class=\"column-3\"><strong>LEI ORDIN\u00c1RIA N\u00b0 1008\/18<\/strong><br \/>\n\"Or\u00e7a a Receita e Fixa a Despesa do Munic\u00edpio de Soledade de Minas para o Exerc\u00edcio de 2019\" e d\u00e1 outras provid\u00eancias.\"<\/td><td class=\"column-4\"><a href=\"https:\/\/www.cmsoledadedeminas.mg.gov.br\/v1\/wp-content\/uploads\/2026\/03\/Lei-Ordinaria-1008.2018.pdf\" target=\"_blank\">Download<\/a><\/td>\n<\/tr>\n<tr class=\"row-5\">\n\t<td class=\"column-1\">10\/12\/2018<\/td><td class=\"column-2\">ORDIN\u00c1RIA<\/td><td class=\"column-3\"><strong>LEI ORDIN\u00c1RIA N\u00b0 1006\/18<\/strong><br \/>\n\"Disp\u00f5e sobre a Cess\u00e3o de Bem Im\u00f3vel P\u00fablico \u0435 d\u00e1 outras provid\u00eancias\"<\/td><td class=\"column-4\"><a href=\"https:\/\/www.cmsoledadedeminas.mg.gov.br\/v1\/wp-content\/uploads\/2026\/03\/Lei-Ordinaria-1006.2018.pdf\" target=\"_blank\">Download<\/a><\/td>\n<\/tr>\n<tr class=\"row-6\">\n\t<td class=\"column-1\">21\/11\/2018<\/td><td class=\"column-2\">ORDIN\u00c1RIA<\/td><td class=\"column-3\"><strong>LEI ORDIN\u00c1RIA N\u00b0 1005\/18<\/strong><br \/>\n\"Disp\u00f5e sobre as viagens oficiais e a concess\u00e3o de di\u00e1rias aos Agentes Pol\u00edticos e Servidores do Poder Executivo Municipal e d\u00e1 outras provid\u00eancias\".<\/td><td class=\"column-4\"><a href=\"https:\/\/www.cmsoledadedeminas.mg.gov.br\/v1\/wp-content\/uploads\/2026\/03\/Lei-Ordinaria-1005-de-2018.pdf\" target=\"_blank\">Download<\/a><\/td>\n<\/tr>\n<tr class=\"row-7\">\n\t<td class=\"column-1\">23\/08\/2018<\/td><td class=\"column-2\">ORDIN\u00c1RIA<\/td><td class=\"column-3\"><strong>LEI ORDIN\u00c1RIA N\u00b0 1002\/18<\/strong><br \/>\nDisp\u00f5e sobre a Altera\u00e7\u00e3o da Lei Municipal n\u00ba 959, de 23 de junho de 2015, que \"Disp\u00f5e sobre o Plano Municipal de Educa\u00e7\u00e3o - PME e d\u00e1 outras provid\u00eancias\"<\/td><td class=\"column-4\"><a href=\"https:\/\/www.cmsoledadedeminas.mg.gov.br\/v1\/wp-content\/uploads\/2026\/03\/Lei-Ordinaria-1002-de-2018.pdf\" target=\"_blank\">Download<\/a><\/td>\n<\/tr>\n<tr class=\"row-8\">\n\t<td class=\"column-1\">04\/06\/2018<\/td><td class=\"column-2\">ORDIN\u00c1RIA<\/td><td class=\"column-3\"><strong>LEI ORDIN\u00c1RIA N\u00b0 1001\/18<\/strong><br \/>\n\"Disp\u00f5e sobre a Altera\u00e7\u00e3o da Lei n\u00b0 931\/2013, que \"Cria o servi\u00e7o aut\u00f4nomo de \u00e1gua e esgoto do Munic\u00edpio de Soledade de Minas, como entidade aut\u00e1rquica de direito p\u00fablico, da administra\u00e7\u00e3o indireta e d\u00e1 outras provid\u00eancias\"<\/td><td class=\"column-4\"><a href=\"https:\/\/www.cmsoledadedeminas.mg.gov.br\/v1\/wp-content\/uploads\/2026\/03\/Lei-Ordinaria-1001-de-2018.pdf\" target=\"_blank\">Download<\/a><\/td>\n<\/tr>\n<tr class=\"row-9\">\n\t<td class=\"column-1\">19\/06\/2018<\/td><td class=\"column-2\">ORDIN\u00c1RIA<\/td><td class=\"column-3\"><strong>LEI ORDIN\u00c1RIA N\u00b0 1000\/18<\/strong><br \/>\nDisp\u00f5e sobre as diretrizes or\u00e7ament\u00e1rias para o exerc\u00edcio financeiro de 2019 e da outras provid\u00eancias\"<\/td><td class=\"column-4\"><a href=\"https:\/\/www.cmsoledadedeminas.mg.gov.br\/v1\/wp-content\/uploads\/2026\/03\/Lei-Ordinaria-1000-de-2018.pdf\" target=\"_blank\">Download<\/a><\/td>\n<\/tr>\n<tr class=\"row-10\">\n\t<td class=\"column-1\">16\/05\/2018<\/td><td class=\"column-2\">ORDIN\u00c1RIA<\/td><td class=\"column-3\"><strong>LEI ORDIN\u00c1RIA N\u00b0 999\/18<\/strong><br \/>\n\"Disp\u00f5e sobre a abertura de Cr\u00e9dito Especial ao Or\u00e7amento de 2018 e d\u00e1 outras provid\u00eancias\".<\/td><td class=\"column-4\"><a href=\"https:\/\/www.cmsoledadedeminas.mg.gov.br\/v1\/wp-content\/uploads\/2026\/03\/Lei-Ordinaria-999-de-2018.pdf\" target=\"_blank\">Download<\/a><\/td>\n<\/tr>\n<tr class=\"row-11\">\n\t<td class=\"column-1\">09\/04\/2018<\/td><td class=\"column-2\">ORDIN\u00c1RIA<\/td><td class=\"column-3\"><strong>LEI ORDIN\u00c1RIA N\u00b0 997\/18<\/strong><br \/>\n\"Cria a Coordenadoria Municipal de Prote\u00e7\u00e3o e Defesa Civil - COMPDEC do Munic\u00edpio de Soledade de Minas\/MG e d\u00e1 outras provid\u00eancias\"<\/td><td class=\"column-4\"><a href=\"https:\/\/www.cmsoledadedeminas.mg.gov.br\/v1\/wp-content\/uploads\/2026\/03\/Lei-Ordinaria-997-de-2018.pdf\" target=\"_blank\">Download<\/a><\/td>\n<\/tr>\n<tr class=\"row-12\">\n\t<td class=\"column-1\">09\/04\/2018<\/td><td class=\"column-2\">ORDIN\u00c1RIA<\/td><td class=\"column-3\"><strong>LEI ORDIN\u00c1RIA N\u00b0 996\/18<\/strong><br \/>\n\"Disp\u00f5e sobre a recomposi\u00e7\u00e3o salarial dos Servidores Municipais e cont\u00e9m outras provid\u00eancias\".<\/td><td class=\"column-4\"><a href=\"https:\/\/www.cmsoledadedeminas.mg.gov.br\/v1\/wp-content\/uploads\/2026\/03\/Lei-Ordinaria-996-de-2018.pdf\" target=\"_blank\">Download<\/a><\/td>\n<\/tr>\n<tr class=\"row-13\">\n\t<td class=\"column-1\">09\/04\/2018<\/td><td class=\"column-2\">ORDIN\u00c1RIA<\/td><td class=\"column-3\"><strong>LEI ORDIN\u00c1RIA N\u00b0 995\/18<\/strong><br \/>\n\"Disp\u00f5e sobre o reajuste salarial dos Profissionais do Magist\u00e9rio P\u00fablico Municipal e cont\u00e9m outras provid\u00eancias\"<\/td><td class=\"column-4\"><a href=\"https:\/\/www.cmsoledadedeminas.mg.gov.br\/v1\/wp-content\/uploads\/2026\/03\/Lei-Ordinaria-995-de-2018.pdf\" target=\"_blank\">Download<\/a><\/td>\n<\/tr>\n<tr class=\"row-14\">\n\t<td class=\"column-1\">10\/12\/2018<\/td><td class=\"column-2\">MUNICIPAL<\/td><td class=\"column-3\"><strong>LEI MUNICIPAL N\u00b0 1007\/18<\/strong><br \/>\nAutoriza a concess\u00e3o de subven\u00e7\u00f5es sociais e contribui\u00e7\u00f5es correntes exerc\u00edcio de 2019 e cont\u00e9m outras provid\u00eancias.<\/td><td class=\"column-4\"><a href=\"https:\/\/www.cmsoledadedeminas.mg.gov.br\/v1\/wp-content\/uploads\/2026\/03\/Lei-Municipal-1007.2018.pdf\" target=\"_blank\">Download<\/a><\/td>\n<\/tr>\n<tr class=\"row-15\">\n\t<td class=\"column-1\">10\/10\/2018<\/td><td class=\"column-2\">MUNICIPAL<\/td><td class=\"column-3\"><strong>LEI MUNICIPAL N\u00b0 1004\/18<\/strong><br \/>\n\"Altera a Lei Municipal n\u00ba 986, de 23 de junho de 2017, que \"Disp\u00f5e sobre a regulamenta\u00e7\u00e3o da atividade de apreens\u00e3o e destina\u00e7\u00e3o de animais de m\u00e9dio e grande porte no Munic\u00edpio de Soledade de Minas e d\u00e1 outras provid\u00eancias.\"<\/td><td class=\"column-4\"><a href=\"https:\/\/www.cmsoledadedeminas.mg.gov.br\/v1\/wp-content\/uploads\/2026\/03\/Lei-Municipal-1004-de-2018.pdf\" target=\"_blank\">Download<\/a><\/td>\n<\/tr>\n<tr class=\"row-16\">\n\t<td class=\"column-1\">23\/08\/2018<\/td><td class=\"column-2\">MUNICIPAL<\/td><td class=\"column-3\"><strong>LEI MUNICIPAL N\u00b0 1003\/18<\/strong><br \/>\nINSTITUI DENOMINA\u00c7\u00c3O DE PONTE DO BAIRRO DA BARRA BELA.<br \/>\n<\/td><td class=\"column-4\"><a href=\"https:\/\/www.cmsoledadedeminas.mg.gov.br\/v1\/wp-content\/uploads\/2026\/03\/Lei-Municipal-998-de-2018.pdf\" target=\"_blank\">Download<\/a><\/td>\n<\/tr>\n<tr class=\"row-17\">\n\t<td class=\"column-1\">09\/04\/2018<\/td><td class=\"column-2\">MUNICIPAL<\/td><td class=\"column-3\"><strong>LEI MUNICIPAL N\u00b0 998\/18<\/strong><br \/>\nINSTITUI NOME DE RUA LOCALIZADA A SEGUNDA A ESQUERDA DA RUA JUSTO ANT\u00d4NIO MACIEL.<\/td><td class=\"column-4\"><a href=\"https:\/\/www.cmsoledadedeminas.mg.gov.br\/v1\/wp-content\/uploads\/2026\/03\/Lei-Municipal-998-de-2018.pdf\" target=\"_blank\">Download<\/a><\/td>\n<\/tr>\n<tr class=\"row-18\">\n\t<td class=\"column-1\">19\/12\/2018<\/td><td class=\"column-2\">COMPLEMENTAR <\/td><td class=\"column-3\"><strong>LEI COMPLEMENTAR N\u00b0 78\/18<\/strong><br \/>\n\"Disp\u00f5e sobre a Institui\u00e7\u00e3o de Zona Industrial no Munic\u00edpio de Soledade de Minas e Regulamenta a Isen\u00e7\u00e3o Parcial de ISSQN \u2013 Imposto Sobre Servi\u00e7os de Qualquer Natureza e d\u00e1 outras provid\u00eancias\"<\/td><td class=\"column-4\"><a href=\"https:\/\/www.cmsoledadedeminas.mg.gov.br\/v1\/wp-content\/uploads\/2026\/03\/Lei-Complementar-78.2018.pdf\" target=\"_blank\">Download<\/a><\/td>\n<\/tr>\n<tr class=\"row-19\">\n\t<td class=\"column-1\">19\/12\/2018<\/td><td class=\"column-2\">COMPLEMENTAR<\/td><td class=\"column-3\"><strong>LEI COMPLEMENTAR N\u00b0 77\/18<\/strong><br \/>\n\"Disp\u00f5e sobre a Majora\u00e7\u00e3o das tarifas dos servi\u00e7os prestados pela Autarquia Municipal SAAE - Servi\u00e7o Aut\u00f4nomo de \u00c1gua e Esgoto do Munic\u00edpio de Soledade de Minas\/MG e d\u00e1 outras provid\u00eancias\"<\/td><td class=\"column-4\"><a href=\"https:\/\/www.cmsoledadedeminas.mg.gov.br\/v1\/wp-content\/uploads\/2026\/03\/Lei-Complementar-77.2018.pdf\" target=\"_blank\">Download<\/a><\/td>\n<\/tr>\n<tr class=\"row-20\">\n\t<td class=\"column-1\">19\/12\/2018<\/td><td class=\"column-2\">COMPLEMENTAR<\/td><td class=\"column-3\"><strong>LEI COMPLEMENTAR N\u00b0 76\/18<\/strong><br \/>\n\"Disp\u00f5e sobre a cria\u00e7\u00e3o de mais 01 (um) cargo de Agente de Combate \u00e0s Endemias e altera a Lei Complementar Municipal n\u00b0 58\/2015, que \"Disp\u00f5e sobre a cria\u00e7\u00e3o dos cargos p\u00fablicos de agente comunit\u00e1rio de sa\u00fade e de agente de combate \u00e0s endemias no \u00e2mbito do Munic\u00edpio de Soledade de Minas, consoante preconiza a Emenda Constitucional n\u00b0 51\/06 \u0435 Lei Federal n\u00b0 11.350\/06, e d\u00e1 outras provid\u00eancias\" e da outras providenciais\"<\/td><td class=\"column-4\"><a href=\"https:\/\/www.cmsoledadedeminas.mg.gov.br\/v1\/wp-content\/uploads\/2026\/03\/Lei-Complementar-76.2018.pdf\" target=\"_blank\">Download<\/a><\/td>\n<\/tr>\n<tr class=\"row-21\">\n\t<td class=\"column-1\">10\/12\/2018<\/td><td class=\"column-2\">COMPLEMENTAR<\/td><td class=\"column-3\"><strong>LEI COMPLEMENTAR N\u00b0 75\/18<\/strong><br \/>\n\"Disp\u00f5e sobre a extin\u00e7\u00e3o de 02 (duas) vagas do cargo de Coordenador I: Sa\u00fade Rural e cria 01 (um) cargo em Comiss\u00e3o de Coordenador de Servi\u00e7os Odontol\u00f3gicos e d\u00e1 outras provid\u00eancias.\"<\/td><td class=\"column-4\"><a href=\"https:\/\/www.cmsoledadedeminas.mg.gov.br\/v1\/wp-content\/uploads\/2026\/03\/Lei-Complementar-75.2018.pdf\" target=\"_blank\">Download<\/a><\/td>\n<\/tr>\n<tr class=\"row-22\">\n\t<td class=\"column-1\">10\/12\/2018<\/td><td class=\"column-2\">COMPLEMENTAR<\/td><td class=\"column-3\"><strong>LEI COMPLEMENTAR N\u00b0 74\/18<\/strong><br \/>\n\"Disp\u00f5e sobre a cria\u00e7\u00e3o do cargo em Comiss\u00e3o de Chefe de Servi\u00e7os Mec\u00e2nicos e d\u00e1 outras provid\u00eancias.\"<\/td><td class=\"column-4\"><a href=\"https:\/\/www.cmsoledadedeminas.mg.gov.br\/v1\/wp-content\/uploads\/2026\/03\/Lei-Complementar-74.2018.pdf\" target=\"_blank\">Download<\/a><\/td>\n<\/tr>\n<tr class=\"row-23\">\n\t<td class=\"column-1\">08\/11\/2018<\/td><td class=\"column-2\">COMPLEMENTAR<\/td><td class=\"column-3\"><strong>LEI COMPLEMENTAR N\u00b0 73\/18<\/strong><br \/>\n\"Regulamenta o uso do Cemit\u00e9rio P\u00fablico do Munic\u00edpio de Soledade de Minas, estabelece pre\u00e7o p\u00fablico e d\u00e1 outras provid\u00eancias\".<\/td><td class=\"column-4\"><a href=\"https:\/\/www.cmsoledadedeminas.mg.gov.br\/v1\/wp-content\/uploads\/2026\/03\/Lei-Complementar-73.2018.pdf\" target=\"_blank\">Download<\/a><\/td>\n<\/tr>\n<tr class=\"row-24\">\n\t<td class=\"column-1\">06\/06\/2018<\/td><td class=\"column-2\">COMPLEMENTAR<\/td><td class=\"column-3\"><strong>LEI COMPLEMENTAR N\u00b0 72\/18<\/strong><br \/>\n\"Disp\u00f5e sobre o Cancelamento de D\u00edvida Ativa de Im\u00f3vel objeto de Desapropria\u00e7\u00e3o e d\u00e1 outras provid\u00eancias\"<\/td><td class=\"column-4\"><a href=\"https:\/\/www.cmsoledadedeminas.mg.gov.br\/v1\/wp-content\/uploads\/2026\/03\/Lei-Complentar-72.2018.pdf\" target=\"_blank\">Download<\/a><\/td>\n<\/tr>\n<\/tbody>\n<\/table>\n<!-- #tablepress-37 from cache -->\t\t\t\t<\/div>\n\t\t\t\t\t<\/div>\n\t\t<\/div>\n\t\t\t\t\t<\/div>\n\t\t<\/section>\n\t\t\t\t<\/div>\n\t\t","protected":false},"excerpt":{"rendered":"<p>Home Leis Sancionadas &#8211; 2018<\/p>\n","protected":false},"author":1,"featured_media":0,"parent":1076,"menu_order":0,"comment_status":"closed","ping_status":"closed","template":"page-templates\/no-wrapper.php","meta":{"footnotes":""},"class_list":["post-2903","page","type-page","status-publish"],"_links":{"self":[{"href":"https:\/\/www.cmsoledadedeminas.mg.gov.br\/v1\/wp-json\/wp\/v2\/pages\/2903","targetHints":{"allow":["GET"]}}],"collection":[{"href":"https:\/\/www.cmsoledadedeminas.mg.gov.br\/v1\/wp-json\/wp\/v2\/pages"}],"about":[{"href":"https:\/\/www.cmsoledadedeminas.mg.gov.br\/v1\/wp-json\/wp\/v2\/types\/page"}],"author":[{"embeddable":true,"href":"https:\/\/www.cmsoledadedeminas.mg.gov.br\/v1\/wp-json\/wp\/v2\/users\/1"}],"replies":[{"embeddable":true,"href":"https:\/\/www.cmsoledadedeminas.mg.gov.br\/v1\/wp-json\/wp\/v2\/comments?post=2903"}],"version-history":[{"count":4,"href":"https:\/\/www.cmsoledadedeminas.mg.gov.br\/v1\/wp-json\/wp\/v2\/pages\/2903\/revisions"}],"predecessor-version":[{"id":2907,"href":"https:\/\/www.cmsoledadedeminas.mg.gov.br\/v1\/wp-json\/wp\/v2\/pages\/2903\/revisions\/2907"}],"up":[{"embeddable":true,"href":"https:\/\/www.cmsoledadedeminas.mg.gov.br\/v1\/wp-json\/wp\/v2\/pages\/1076"}],"wp:attachment":[{"href":"https:\/\/www.cmsoledadedeminas.mg.gov.br\/v1\/wp-json\/wp\/v2\/media?parent=2903"}],"curies":[{"name":"wp","href":"https:\/\/api.w.org\/{rel}","templated":true}]}}