{"id":1697,"date":"2026-02-06T18:29:50","date_gmt":"2026-02-06T18:29:50","guid":{"rendered":"https:\/\/www.cmsoledadedeminas.mg.gov.br\/v1\/?page_id=1697"},"modified":"2026-02-06T18:39:35","modified_gmt":"2026-02-06T18:39:35","slug":"leis-sancionadas-2024","status":"publish","type":"page","link":"https:\/\/www.cmsoledadedeminas.mg.gov.br\/v1\/documentos\/leis\/leis-sancionadas\/leis-sancionadas-2024\/","title":{"rendered":"Leis Sancionadas &#8211; 2024"},"content":{"rendered":"\t\t<div data-elementor-type=\"wp-page\" data-elementor-id=\"1697\" class=\"elementor elementor-1697\" data-elementor-post-type=\"page\">\n\t\t\t\t\t\t<section class=\"has-el-gap el-gap-default elementor-section elementor-top-section elementor-element elementor-element-617bd373 elementor-section-boxed elementor-section-height-default elementor-section-height-default\" data-id=\"617bd373\" data-element_type=\"section\" data-e-type=\"section\">\n\t\t\t\t\t\t<div class=\"elementor-container elementor-column-gap-no\">\n\t\t\t\t\t<div class=\"elementor-column elementor-col-100 elementor-top-column elementor-element elementor-element-3728824c\" data-id=\"3728824c\" data-element_type=\"column\" data-e-type=\"column\">\n\t\t\t<div class=\"elementor-widget-wrap elementor-element-populated\">\n\t\t\t\t\t\t<div class=\"elementor-element elementor-element-214dbd5 elementor-widget elementor-widget-smartmag-breadcrumbs\" data-id=\"214dbd5\" data-element_type=\"widget\" data-e-type=\"widget\" data-widget_type=\"smartmag-breadcrumbs.default\">\n\t\t\t\t<div class=\"elementor-widget-container\">\n\t\t\t\t\t<nav class=\"breadcrumbs ts-contain breadcrumbs-a\" id=\"breadcrumb\"><div class=\"inner ts-contain \"><span class=\"current\">Home<\/span><\/div><\/nav>\t\t\t\t<\/div>\n\t\t\t\t<\/div>\n\t\t\t\t\t<\/div>\n\t\t<\/div>\n\t\t\t\t\t<\/div>\n\t\t<\/section>\n\t\t\t\t<section class=\"has-el-gap el-gap-default elementor-section elementor-top-section elementor-element elementor-element-248ad57b elementor-section-boxed elementor-section-height-default elementor-section-height-default\" data-id=\"248ad57b\" data-element_type=\"section\" data-e-type=\"section\">\n\t\t\t\t\t\t<div class=\"elementor-container elementor-column-gap-no\">\n\t\t\t\t\t<div class=\"elementor-column elementor-col-100 elementor-top-column elementor-element elementor-element-11d69b9c\" data-id=\"11d69b9c\" data-element_type=\"column\" data-e-type=\"column\">\n\t\t\t<div class=\"elementor-widget-wrap elementor-element-populated\">\n\t\t\t\t\t\t<div class=\"elementor-element elementor-element-24548e95 elementor-widget elementor-widget-heading\" data-id=\"24548e95\" data-element_type=\"widget\" data-e-type=\"widget\" data-widget_type=\"heading.default\">\n\t\t\t\t\t<h2 class=\"elementor-heading-title elementor-size-default\">Leis Sancionadas - 2024<\/h2>\t\t\t\t<\/div>\n\t\t\t\t\t<\/div>\n\t\t<\/div>\n\t\t\t\t\t<\/div>\n\t\t<\/section>\n\t\t\t\t<section class=\"has-el-gap el-gap-default elementor-section elementor-top-section elementor-element elementor-element-5826f152 elementor-section-boxed elementor-section-height-default elementor-section-height-default\" data-id=\"5826f152\" data-element_type=\"section\" data-e-type=\"section\">\n\t\t\t\t\t\t<div class=\"elementor-container elementor-column-gap-no\">\n\t\t\t\t\t<div class=\"elementor-column elementor-col-100 elementor-top-column elementor-element elementor-element-2498d530\" data-id=\"2498d530\" data-element_type=\"column\" data-e-type=\"column\">\n\t\t\t<div class=\"elementor-widget-wrap elementor-element-populated\">\n\t\t\t\t\t\t<div class=\"elementor-element elementor-element-7a544f1c elementor-widget elementor-widget-spacer\" data-id=\"7a544f1c\" data-element_type=\"widget\" data-e-type=\"widget\" data-widget_type=\"spacer.default\">\n\t\t\t\t\t\t\t<div class=\"elementor-spacer\">\n\t\t\t<div class=\"elementor-spacer-inner\"><\/div>\n\t\t<\/div>\n\t\t\t\t\t\t<\/div>\n\t\t\t\t\t<\/div>\n\t\t<\/div>\n\t\t\t\t\t<\/div>\n\t\t<\/section>\n\t\t\t\t<section class=\"has-el-gap el-gap-default elementor-section elementor-top-section elementor-element elementor-element-e385b81 elementor-section-boxed elementor-section-height-default elementor-section-height-default\" data-id=\"e385b81\" data-element_type=\"section\" data-e-type=\"section\">\n\t\t\t\t\t\t<div class=\"elementor-container elementor-column-gap-no\">\n\t\t\t\t\t<div class=\"elementor-column elementor-col-100 elementor-top-column elementor-element elementor-element-1006edfc\" data-id=\"1006edfc\" data-element_type=\"column\" data-e-type=\"column\">\n\t\t\t<div class=\"elementor-widget-wrap elementor-element-populated\">\n\t\t\t\t\t\t<div class=\"elementor-element elementor-element-72750553 elementor-widget elementor-widget-html\" data-id=\"72750553\" data-element_type=\"widget\" data-e-type=\"widget\" data-widget_type=\"html.default\">\n\t\t\t\t\t\n<table id=\"tablepress-19\" class=\"tablepress tablepress-id-19\">\n<thead>\n<tr class=\"row-1\">\n\t<th class=\"column-1\">Publica\u00e7\u00e3o<\/th><th class=\"column-2\">Tipo<\/th><th class=\"column-3\">Descri\u00e7\u00e3o<\/th><th class=\"column-4\">Download<\/th>\n<\/tr>\n<\/thead>\n<tbody class=\"row-striping row-hover\">\n<tr class=\"row-2\">\n\t<td class=\"column-1\">13\/05\/2024<\/td><td class=\"column-2\">Lei Complementar<\/td><td class=\"column-3\"><strong>Lei Complementar 96\/2024<\/strong><\/td><td class=\"column-4\"><a href=\"https:\/\/cmsoledadedeminas.mg.gov.br\/v1\/download\/leis_2024\/Lei-complementar-96-2024.pdf\" target=\"_blank\">Download<\/a><\/td>\n<\/tr>\n<tr class=\"row-3\">\n\t<td class=\"column-1\">20\/02\/2025<\/td><td class=\"column-2\">Ordin\u00e1ria<\/td><td class=\"column-3\"><strong>Lei Ordin\u00e1ria 1121\/2024<\/strong><br \/>\nDisp\u00f5e sobre o reajuste salarial dos Profissionais do Magist\u00e9rio P\u00fablico Municipal e cont\u00e9m outras provid\u00eancias<\/td><td class=\"column-4\"><a href=\"https:\/\/cmsoledadedeminas.mg.gov.br\/v1\/download\/leis_2024\/Lei-ordinaria-1121-2024.pdf\" target=\"_blank\">Download<\/a><\/td>\n<\/tr>\n<tr class=\"row-4\">\n\t<td class=\"column-1\">13\/05\/2024<\/td><td class=\"column-2\">Ordin\u00e1ria<\/td><td class=\"column-3\"><strong>Lei Ordin\u00e1ria 1122\/2024<\/strong><\/td><td class=\"column-4\"><a href=\"https:\/\/cmsoledadedeminas.mg.gov.br\/v1\/download\/leis_2024\/Lei-ordinaria-1122-2024.pdf\" target=\"_blank\">Download<\/a><\/td>\n<\/tr>\n<tr class=\"row-5\">\n\t<td class=\"column-1\">13\/05\/2024<\/td><td class=\"column-2\">Ordin\u00e1ria<\/td><td class=\"column-3\"><strong>Lei Ordin\u00e1ria 1123\/2024<\/strong><\/td><td class=\"column-4\"><a href=\"https:\/\/cmsoledadedeminas.mg.gov.br\/v1\/download\/leis_2024\/Lei-ordinaria-1123-2024.pdf\" target=\"_blank\">Download<\/a><\/td>\n<\/tr>\n<tr class=\"row-6\">\n\t<td class=\"column-1\">13\/05\/2024<\/td><td class=\"column-2\">Ordin\u00e1ria<\/td><td class=\"column-3\"><strong>Lei Ordin\u00e1ria 1124\/2024<\/strong><\/td><td class=\"column-4\"><a href=\"https:\/\/cmsoledadedeminas.mg.gov.br\/v1\/download\/leis_2024\/Lei-ordinaria-1124-2024.pdf\" target=\"_blank\">Download<\/a><\/td>\n<\/tr>\n<tr class=\"row-7\">\n\t<td class=\"column-1\">13\/05\/2024<\/td><td class=\"column-2\">Ordin\u00e1ria<\/td><td class=\"column-3\"><strong>Lei Ordin\u00e1ria 1125\/2024<\/strong><\/td><td class=\"column-4\"><a href=\"https:\/\/cmsoledadedeminas.mg.gov.br\/v1\/download\/leis_2024\/Lei-ordinaria-1125-2024.pdf\" target=\"_blank\">Download<\/a><\/td>\n<\/tr>\n<tr class=\"row-8\">\n\t<td class=\"column-1\">12\/06\/2024<br \/>\n<\/td><td class=\"column-2\">Lei Complementar<\/td><td class=\"column-3\"><strong>Lei Complementar 97\/2024<\/strong><\/td><td class=\"column-4\"><a href=\"https:\/\/cmsoledadedeminas.mg.gov.br\/v1\/download\/leis_2024\/lei-complementar-97.pdf\" target=\"_blank\">Download<\/a><\/td>\n<\/tr>\n<tr class=\"row-9\">\n\t<td class=\"column-1\">13\/06\/2024<\/td><td class=\"column-2\">Ordin\u00e1ria<\/td><td class=\"column-3\"><strong>Lei Ordin\u00e1ria 1126\/2024<\/strong><\/td><td class=\"column-4\"><a href=\"https:\/\/cmsoledadedeminas.mg.gov.br\/v1\/download\/leis_2024\/lei-ordinaria-1126.pdf\" target=\"_blank\">Download<\/a><\/td>\n<\/tr>\n<tr class=\"row-10\">\n\t<td class=\"column-1\">13\/06\/2024<\/td><td class=\"column-2\">Ordin\u00e1ria<\/td><td class=\"column-3\"><strong>Lei Ordin\u00e1ria 1127\/2024<\/strong><\/td><td class=\"column-4\"><a href=\"https:\/\/cmsoledadedeminas.mg.gov.br\/v1\/download\/leis_2024\/lei-ordinaria-1127.pdf\" target=\"_blank\">Download<\/a><\/td>\n<\/tr>\n<tr class=\"row-11\">\n\t<td class=\"column-1\">13\/06\/2024<\/td><td class=\"column-2\">Ordin\u00e1ria<\/td><td class=\"column-3\"><strong>Lei Ordin\u00e1ria 1128\/2024<\/strong><\/td><td class=\"column-4\"><a href=\"https:\/\/cmsoledadedeminas.mg.gov.br\/v1\/download\/leis_2024\/lei-ordinaria-1128.pdf\" target=\"_blank\">Download<\/a><\/td>\n<\/tr>\n<tr class=\"row-12\">\n\t<td class=\"column-1\">10\/07\/2024<\/td><td class=\"column-2\">Ordin\u00e1ria<\/td><td class=\"column-3\"><strong>Lei Ordin\u00e1ria 1129\/2024<\/strong><br \/>\nDisp\u00f5e sobre as diretrizes or\u00e7ament\u00e1rias para o exerc\u00edcio financeiro de 2025 e d\u00e1 outras provid\u00eancias.<br \/>\n<\/td><td class=\"column-4\"><a href=\"https:\/\/cmsoledadedeminas.mg.gov.br\/v1\/download\/leis_2024\/Lei-Ordinaria-1129_compressed.pdf\" target=\"_blank\">Download<\/a><\/td>\n<\/tr>\n<tr class=\"row-13\">\n\t<td class=\"column-1\">19\/12\/2024<\/td><td class=\"column-2\">Ordin\u00e1ria<\/td><td class=\"column-3\"><strong>Lei Ordin\u00e1ria 1133\/2024<\/strong><\/td><td class=\"column-4\"><a href=\"https:\/\/cmsoledadedeminas.mg.gov.br\/v1\/download\/leis_2024\/Lei-Municipal-1133-2024-.pdf\" target=\"_blank\">Download<\/a><\/td>\n<\/tr>\n<tr class=\"row-14\">\n\t<td class=\"column-1\">17\/01\/2025<\/td><td class=\"column-2\">Ordin\u00e1ria<\/td><td class=\"column-3\"><strong>Lei Ordin\u00e1ria 1134\/2024-2<\/strong><\/td><td class=\"column-4\"><a href=\"https:\/\/cmsoledadedeminas.mg.gov.br\/v1\/download\/leis_2024\/Lei-Ordinaria-1134.2024-2.pdf\" target=\"_blank\">Download<\/a><\/td>\n<\/tr>\n<tr class=\"row-15\">\n\t<td class=\"column-1\">17\/01\/2025<br \/>\n<\/td><td class=\"column-2\">Ordin\u00e1ria<\/td><td class=\"column-3\"><strong>Lei Ordin\u00e1ria 1134\/2024-3<\/strong><\/td><td class=\"column-4\"><a href=\"https:\/\/cmsoledadedeminas.mg.gov.br\/v1\/download\/leis_2024\/Lei-Ordinaria-1134.2024-3.pdf\" target=\"_blank\">Download<\/a><\/td>\n<\/tr>\n<tr class=\"row-16\">\n\t<td class=\"column-1\">17\/01\/2025<\/td><td class=\"column-2\">Ordin\u00e1ria<\/td><td class=\"column-3\"><strong>Lei Ordin\u00e1ria 1134\/2024-4<\/strong><\/td><td class=\"column-4\"><a href=\"https:\/\/cmsoledadedeminas.mg.gov.br\/v1\/download\/leis_2024\/Lei-Ordinaria-1134.2024-4.pdf\" target=\"_blank\">Download<\/a><\/td>\n<\/tr>\n<tr class=\"row-17\">\n\t<td class=\"column-1\">17\/01\/2025<\/td><td class=\"column-2\">Ordin\u00e1ria<\/td><td class=\"column-3\"><strong>Lei Ordin\u00e1ria 1134\/2024<\/strong><\/td><td class=\"column-4\"><a href=\"https:\/\/cmsoledadedeminas.mg.gov.br\/v1\/download\/leis_2024\/Lei-Ordinaria-1134.2024.pdf\" target=\"_blank\">Download<\/a><\/td>\n<\/tr>\n<\/tbody>\n<\/table>\n<!-- #tablepress-19 from cache -->\t\t\t\t<\/div>\n\t\t\t\t\t<\/div>\n\t\t<\/div>\n\t\t\t\t\t<\/div>\n\t\t<\/section>\n\t\t\t\t<\/div>\n\t\t","protected":false},"excerpt":{"rendered":"<p>Home Leis Sancionadas &#8211; 2024<\/p>\n","protected":false},"author":1,"featured_media":0,"parent":1076,"menu_order":0,"comment_status":"closed","ping_status":"closed","template":"page-templates\/no-wrapper.php","meta":{"footnotes":""},"class_list":["post-1697","page","type-page","status-publish"],"_links":{"self":[{"href":"https:\/\/www.cmsoledadedeminas.mg.gov.br\/v1\/wp-json\/wp\/v2\/pages\/1697","targetHints":{"allow":["GET"]}}],"collection":[{"href":"https:\/\/www.cmsoledadedeminas.mg.gov.br\/v1\/wp-json\/wp\/v2\/pages"}],"about":[{"href":"https:\/\/www.cmsoledadedeminas.mg.gov.br\/v1\/wp-json\/wp\/v2\/types\/page"}],"author":[{"embeddable":true,"href":"https:\/\/www.cmsoledadedeminas.mg.gov.br\/v1\/wp-json\/wp\/v2\/users\/1"}],"replies":[{"embeddable":true,"href":"https:\/\/www.cmsoledadedeminas.mg.gov.br\/v1\/wp-json\/wp\/v2\/comments?post=1697"}],"version-history":[{"count":4,"href":"https:\/\/www.cmsoledadedeminas.mg.gov.br\/v1\/wp-json\/wp\/v2\/pages\/1697\/revisions"}],"predecessor-version":[{"id":1703,"href":"https:\/\/www.cmsoledadedeminas.mg.gov.br\/v1\/wp-json\/wp\/v2\/pages\/1697\/revisions\/1703"}],"up":[{"embeddable":true,"href":"https:\/\/www.cmsoledadedeminas.mg.gov.br\/v1\/wp-json\/wp\/v2\/pages\/1076"}],"wp:attachment":[{"href":"https:\/\/www.cmsoledadedeminas.mg.gov.br\/v1\/wp-json\/wp\/v2\/media?parent=1697"}],"curies":[{"name":"wp","href":"https:\/\/api.w.org\/{rel}","templated":true}]}}